. Let v be k(10). Let j = v - -113. What are the prime factors of j?
2, 3, 17
Suppose 0*z = 3*z. Let k = -3 - z. Let f = 2 - k. What are the prime factors of f?
5
Let b(g) be the second derivative of -3*g**5/40 - 5*g**4/12 - 4*g**3/3 + 10*g. Let i(r) be the second derivative of b(r). What are the prime factors of i(-5)?
5, 7
Let n = -1738 - -3370. What are the prime factors of n?
2, 3, 17
Let q = 4522 - 1582. List the prime factors of q.
2, 3, 5, 7
Let m(o) = 5*o - 7. Suppose f + f - 4*g - 28 = 0, -5*g - 39 = -3*f. Let k be 1/4 - (-22)/f. List the prime factors of m(k).
2
Let v be 355*((-3)/(60/(-92)) + -4). Let i = -60 + v. List the prime factors of i.
3, 17
Suppose 2*w - 19*w + 9129 = 0. List the prime factors of w.
3, 179
Let f = -25 + 21. Let a = 8 + f. List the prime factors of a.
2
Suppose -3*o - c = -o - 272, -2*o = -2*c - 272. Suppose -o = -4*b + 44. What are the prime factors of b?
3, 5
Suppose -4*l + 3*l + 19 = 0. Suppose -10*q = -5*k - 9*q - 68, -3*k + 5*q - 54 = 0. Let j = k + l. List the prime factors of j.
2, 3
Suppose -267034 + 8557 = -87*r. What are the prime factors of r?
2971
Let j = -14 - -18. Let f = j - 1. Suppose -c - f*k + 2*k = -19, -3*k = 9. List the prime factors of c.
2, 11
Let u = -19 - -24. Suppose -62 = -4*j - 3*k, -4*k = u*j - 46 - 31. Suppose 18*t - 15 = j*t. List the prime factors of t.
3, 5
Suppose -4*p = -6*p + 412. List the prime factors of p.
2, 103
Suppose -u + 2397 - 512 = -5*j, -2 = -j. List the prime factors of u.
5, 379
Let k(r) = r**3 - 8*r**2 + 10*r - 13. Let d be k(7). Suppose -30 = 3*u - d*u. Let b = 34 - u. What are the prime factors of b?
2, 7
Suppose 0 = -13*i + 11552 + 30854. What are the prime factors of i?
2, 7, 233
Let w = -182 - -365. Suppose 0 = -2*a + 105 + w. What are the prime factors of a?
2, 3
Suppose h + 162 = 222. List the prime factors of h.
2, 3, 5
Suppose -3*k + 5*t = -715, -5*k + 1136 + 37 = t. List the prime factors of k.
5, 47
Suppose 5*d + 984 = 3*x, -11*d - 1653 = -5*x - 7*d. List the prime factors of x.
3, 37
What are the prime factors of -274*274/(-12) + 184/(-138)?
3, 5, 139
Suppose -18*l - 3622 = -13540. What are the prime factors of l?
19, 29
Let g = 2403 - 1079. What are the prime factors of g?
2, 331
Suppose -10*r = -8500 - 2790. List the prime factors of r.
1129
Suppose 3 = -0*b + b, -b - 6 = -3*y. Suppose 2*w - 197 = -3*x, -y*x = -2*w + 2*x + 221. List the prime factors of w.
103
Let n = -106 - 51. Let d = n + 283. List the prime factors of d.
2, 3, 7
Let i(m) be the second derivative of -m**3 + 0 + 8*m + 1/12*m**4 - 3*m**2. What are the prime factors of i(8)?
2, 5
Let g(u) = -108*u + 347. What are the prime factors of g(-12)?
31, 53
Suppose 22*a - 24*a + 10 = 0. Suppose -a*p - 280 = -5*u, 5*u - 316 = -2*p - 2*p. What are the prime factors of u?
2, 3, 5
Let c be 4*(-3)/8*-2. Suppose -z = -c*z + 158. What are the prime factors of z?
79
Let p = 50 + -35. List the prime factors of p + (5 - (2 + -3) - 3).
2, 3
Let f be 2/(-2)*(-18 - -10). List the prime factors of 184/f - -1*4.
3
Let b be 0 - -7 - (-8 + 8). Suppose 2*k + 25 = b*k. Suppose 2*s - 4*v = 16, -k*s + 64 = -0*s - 4*v. List the prime factors of s.
2
Suppose 0*j - 765 = -5*j. Suppose -6*k - 368 = 262. Let b = j + k. What are the prime factors of b?
2, 3
Let j(i) = i**3 + 25*i**2 - 29*i + 31. List the prime factors of j(-25).
2, 3, 7
Suppose 4*i - 786 = -3*s, -3*s = -s + 3*i - 524. Suppose -p + s = 4*m, 5*m + 2*p - 331 = -p. What are the prime factors of m?
5, 13
Let x(a) = 56*a**2 - 8*a + 4. List the prime factors of x(-4).
2, 233
Suppose 18953 = 24*d - 34927. List the prime factors of d.
5, 449
List the prime factors of 2440/6*(-13 + 16).
2, 5, 61
Let y(k) = -30*k + 1. Let t(n) = -15*n. Let u(d) = -11*t(d) + 6*y(d). Let x be u(-7). Suppose w = -3*q + 92, -4*q - w + x = -2*w. List the prime factors of q.
29
Suppose 1188 = 2*p - 5*l, 1368 = 4*p + l - 1008. List the prime factors of p.
2, 3, 11
Let x(h) = -2*h + 10. Suppose 4*p - 359 = -5*a, 165 - 3 = 2*a - 3*p. Suppose 14*n = 9*n - a. What are the prime factors of x(n)?
2, 5
Let i(q) = -q**3 + 7*q**2 - q - 9. Let r be i(8). Let l = r + 97. What are the prime factors of l?
2
Let f be 30/8 + 9/(-12) + -32. Let c = f + 112. What are the prime factors of c?
83
Suppose 4*o - 1326 = 5*p, -2*p - 1618 + 298 = -4*o. List the prime factors of o.
7, 47
Let m(h) = 17*h**2 - 12*h + 96. What are the prime factors of m(6)?
2, 3, 53
Suppose m - 2484 = 4*l, 25*l = 4*m + 30*l - 9936. What are the prime factors of m?
2, 3, 23
Suppose 5*q + 5840 = 5*k, q = 3*k - 2955 - 547. List the prime factors of k.
3, 389
Let l(a) = -a**2 + 14*a + 11. Suppose 0 = -4*x + 6*x - 44. Suppose x - 8 = b. What are the prime factors of l(b)?
11
Suppose 2*h + 3*i - 30 + 11 = 0, -4*i = -12. List the prime factors of 176/(-1 + h) - -4.
2, 3
Let g be ((-100)/(-35))/((-1)/(-7)*2). List the prime factors of (-4)/(-10) - (-2016)/g.
2, 101
Suppose 29*u = 3*z + 30*u - 1415, -5*u - 445 = -z. What are the prime factors of z?
2, 5, 47
Let p(m) = -16 - 17 - 59*m + 24. List the prime factors of p(-2).
109
Suppose -5*d = -5*x + 205, -127 - 51 = -5*x - 4*d. Let y = x - 30. What are the prime factors of y?
2
Suppose -3*f + 6732 = 3*g, -3*f = 12*g - 13*g - 6736. List the prime factors of f.
5, 449
Let g(u) = -2*u**2 - 82*u - 33. What are the prime factors of g(-34)?
443
Let c = 156 + -81. Suppose -5*v + c + 145 = 0. What are the prime factors of v?
2, 11
Suppose 0 = -2*r + 4*r + 14. Let w(j) = 12*j + 18. Let k be w(-4). Let y = r - k. List the prime factors of y.
23
Suppose 4*r - 495 = 161. What are the prime factors of r?
2, 41
Let y be 2/(-2*(-3)/69). Let h = y - 2. Let v = 23 - h. List the prime factors of v.
2
Let c(n) = n**2 + 1. Let r(z) = 8*z**2 + 19*z + 33. Let l(u) = -6*c(u) + r(u). List the prime factors of l(-13).
2, 59
Let n(q) = q**2 + 15*q + 20. List the prime factors of n(10).
2, 3, 5
Suppose 5*y - 4 = -x, y = 2*y + 3*x - 12. Suppose -3*w - 93 + 3 = y. List the prime factors of ((-15)/w)/(2/68).
17
Suppose 5*x - 2619 = -2*j, j - 1461 = -3*x - 150. What are the prime factors of j?
2, 3, 7, 31
Let i(z) = -4*z**3 - 6*z**2 - 10*z - 2. List the prime factors of i(-5).
2, 199
Suppose -2*j + 4*s = -20 - 100, -356 = -5*j - 4*s. Let c = 157 - j. Suppose 3*x = 4 + c. List the prime factors of x.
31
Suppose -4*c = h - 1118, -2*h + 4*c = -0*c - 2200. Suppose 4*z + z - 4*b - h = 0, 3*b - 206 = -z. List the prime factors of z.
2, 109
Let z be (-110 - 1/1) + -2. Let w be 606/(-9) - 6/9. Let p = w - z. List the prime factors of p.
3, 5
Suppose 7*l - 4*l - 17 = q, 2*l + 17 = -5*q. Suppose 3*w = -y - 0*w + 54, -2*w = -l*y + 174. List the prime factors of y.
3, 5
Suppose 3*c - 4*x + 0*x + 112 = 0, 5*c + 4*x = -144. What are the prime factors of 78 + c/12*(-3)/2?
2, 41
Let c(w) = -w**3 - 2*w**2 + 3. Let g be c(-4). Let r = -5 - -8. Suppose -r*s + 170 = g. List the prime factors of s.
3, 5
Suppose 0 = -16*c + 62002 + 12078. List the prime factors of c.
2, 5, 463
Let k be (-936)/8 + 1/1. Let a = -60 - k. Suppose 0*n = -2*n + a. What are the prime factors of n?
2, 7
List the prime factors of ((60/(-25))/1 - -2)*-680.
2, 17
Suppose -4*j + o + 15 = 0, 0 = 4*j + 2*o - 18. Suppose f - 10 = -j*s, -4*s + 0*f = 5*f - 2. List the prime factors of s.
3
Suppose -6*z + 8 + 4 = 0. Suppose 0 = z*f + s - 68, f = -f + s + 64. List the prime factors of f.
3, 11
Suppose 4*t - 2*t = f - 2, -t = f + 7. Let l be f - (1 - 0)*2. What are the prime factors of l/(-8) + 420/16?
3
Let r(a) = a + 7. Let m(p) = 1. Let l(i) = 5*m(i) - r(i). Let t be l(-6). What are the prime factors of (-2)/(-8) - (-67)/t?
17
Let c = -75 - -78. Suppose -2*g + 5*p = -312, -c*g + 4*p = -g - 316. What are the prime factors of g?
2, 83
Let a = -245 - -2015. What are the prime factors of a?
2, 3, 5, 59
Let x be (-3 + 3 - 67) + -3. Let l be (-386)/(-14) - (-40)/x. Suppose 2*k = -4*n + 38, n - 3*n = -k + l. List the prime factors of k.
23
Let w = 177 - 27. Suppose -3*f + w = 2*f. What are the prime factors of (1/(-2))/((-1)/f)?
3, 5
Let w be 2/(-8) - (-8267)/28. Suppose -2*t + 2*q + 216 = 0, 0 = -5*t - 5*q + 195 + w. What are the prime factors of t?
103
Suppose -89*z = -268259 + 17991. What are the prime factors of z?
2, 19, 37
Let n be 7 + -3 + 3 + -4. Let k be (0 + -1)*-3 +